(-16). Let g(w) = -w**3 + 9*w**2 - 5*w - 11. Give g(s).
13
Suppose 2*l - 23 = -5*q, -4*l + 3*q + 7 = -0*q. Let p(g) be the first derivative of -g**4/4 + 4*g**3/3 - g**2 + 3*g - 1249. Give p(l).
-5
Let a = -75 - -73. Let l(g) = 7*g**3 + 13*g**2 + 3*g + 4. Let m(q) = 3*q**3 + 6*q**2 + 2*q + 2. Let k(w) = 2*l(w) - 5*m(w). Calculate k(a).
-2
Let u(v) = 9*v - 4. Let s be u(1). Let z(c) = -c**3 + 5 + 5*c**2 - 1 - c + 5 - 2. Give z(s).
2
Suppose -9*z + 34 = 88. Let w(q) be the third derivative of q**4/12 - q**3/3 + 19*q**2. What is w(z)?
-14
Let x = 13 + -11. Let v(o) = 3 - 4 + x - 7*o. Give v(-1).
8
Let w(q) = 10*q**2 - 8 - 2 - q**3 - q + 3 + 5. Give w(10).
-12
Let z(g) = 4*g + 1. Suppose -f - 5 = 2*x - 11, -4*x + 4*f = -36. Suppose 0*b = 5*b - x. Suppose 4*j - 3*d - b = 0, 2*d = j - 2*j + 3. Determine z(j).
5
Let t(g) = 5*g - 7. Suppose -5*l + n + 13 = -2, 6 = 2*l + 3*n. Determine t(l).
8
Let s(m) = -m**3 + 5*m**2 - 6*m + 5. Suppose -70 = -3*h + 2*q, -5*h + 112 + 4 = -4*q. Let r = h + -25. Let k(p) = 6*p**2 + p - 1. Let y be k(r). Give s(y).
-3
Let p(r) = -r - 4. Suppose -130 = o + 5*q, 2*o = -o - 2*q - 338. Let u = -110 - o. Give p(u).
-4
Let j = 1267/2546 - -3/1273. Let d(t) be the first derivative of 0*t + 11 + j*t**2. Determine d(-6).
-6
Let r(p) = -p**3 - 3*p**2 + 3*p. Let j(g) = g**3 + g**2 + 2*g - 47. Let t(a) = -a. Let f(u) = -j(u) - t(u). Let m be f(0). Suppose m = -8*s + 15. What is r(s)?
4
Let h be (-6)/1 - (14 + -16). Let k(m) be the third derivative of -m**6/120 - m**5/12 - m**4/12 + m**3/2 - m**2. Calculate k(h).
-5
Let v(q) = q**3 - 4*q**2 - 6*q + 1. Let y(t) = 2*t - 19. Let m be y(12). What is v(m)?
-4
Suppose 21*a + 15*a - 432 = 0. Let o(n) = -n**3 + 12*n**2 - 2*n + 16. Give o(a).
-8
Let a(x) be the third derivative of 0 - 9*x**2 + 0*x + 1/6*x**3 + 7/24*x**4. Calculate a(-1).
-6
Let f(n) = -2*n + 12. Let i be f(9). Let x(a) = -2*a + 2. Let p(q) = -q - 2. Let s(j) = -p(j) + x(j). What is s(i)?
10
Let s(z) = -5*z + 3. Let g(f) be the third derivative of 5*f**4/12 - f**3 + 18*f**2. Let b(q) = -6*g(q) - 11*s(q). Determine b(5).
-22
Let g be 54/10 + (-2)/5. Let t(z) = -5*z + 2. Let b(m) = -18*m + 7. Let a(l) = 2*b(l) - 7*t(l). Give a(g).
-5
Let z(i) = -11991 + 24010 - 2*i**2 + 11*i - 12003. Give z(7).
-5
Let z(p) = p**3 - 3*p**2 - 2*p - 9. Suppose -11*h - 16 = -15*h. Calculate z(h).
-1
Let c(y) = -y + 2*y - 4*y + 3 + 2*y + y**2. Determine c(-2).
9
Let g(m) be the third derivative of m**8/6720 - m**7/504 - 7*m**6/720 - m**5/30 - m**4 + 3*m**2. Let s(a) be the second derivative of g(a). Calculate s(6).
-10
Let z(l) be the first derivative of -10*l + 25 - 1/2*l**2. Calculate z(-9).
-1
Let a(q) be the third derivative of 3*q**5/10 - q**4/24 - q**3/6 + 242*q**2. Calculate a(-1).
18
Let j(u) = u**2 + 6*u - 4. Let b be 4/8*(-2 - -6). Suppose 0 = 3*d - b*d - 12. Let r be d/2*(-1 + 0). Determine j(r).
-4
Let b(j) = 3. Let y(g) = -6*g - 60. Let x(a) = 15*b(a) + y(a). What is x(-3)?
3
Let w(s) be the first derivative of -s**4/4 + 13*s**3/3 + s**2/2 + 17*s + 529. Give w(13).
30
Let w(o) be the second derivative of -o**4/12 - 3*o**3/2 - 7*o**2 - 40*o + 2. What is w(-7)?
0
Let g(a) = 1334*a + 58 - 667*a - 670*a. Give g(18).
4
Let i(g) = 4*g - 623 - 3*g + 619. Calculate i(-5).
-9
Let n(f) be the third derivative of -13*f**4/24 + 2*f**3/3 - 410*f**2. What is n(5)?
-61
Let o = -39 - -42. Let y(t) be the first derivative of -t**2/2 + 2*t + 45. Calculate y(o).
-1
Let l(a) = a**2 + 2*a + 2. Suppose 295*o - 296*o - 2 = 0. Calculate l(o).
2
Let k(v) = v + 4. Suppose 2*p + 33 = -p - 3*d, -5*p + 5*d - 35 = 0. Calculate k(p).
-5
Let l be (2/(-4) - -1)*0. Let t(m) be the third derivative of -m**6/120 + m**5/60 - m**4/24 - 2*m**3 + 170*m**2. Determine t(l).
-12
Let c(i) = 26 - 4*i - 16 - 11. Suppose 0 = 4*n - 22 + 6. Suppose -3*o - n*g = 29, -g + 7 + 3 = -5*o. Give c(o).
11
Let p(c) be the third derivative of c**4/24 + c**3/2 + 17*c**2. Let k be p(-4). Let z(r) = 1 + r - 4*r**2 + r**2 + 0*r. Give z(k).
-3
Let h = 307 - 302. Let g(x) = -4*x - 5. Let w(r) = -r**2 + r + 1. Let j(a) = -g(a) + w(a). What is j(h)?
6
Let b(g) = 3*g - 29. Let q(o) = 3*o - 29. Let i(p) = 4*b(p) - 3*q(p). Let d be i(9). Let m(a) = -a**3 + 2*a**2 + 3*a + 2. Calculate m(d).
12
Let u(r) be the first derivative of 7*r**2/2 + 54. Calculate u(-1).
-7
Let m(s) = -19*s + 5. Let r(l) = 9*l - 1. Let a(o) = -2*m(o) - 5*r(o). Determine a(-5).
30
Let l(k) = -k**2 + 9*k - 6. Let m be l(6). Suppose -d - 2*d = -m. Let h(v) be the second derivative of -v**3/2 + v**2 + 128*v - 1. Calculate h(d).
-10
Let k(h) = h**3 - 4*h**2 - 2*h + 3. Suppose 0 = 4*y + 3*p - 25, 0*p - 3*p - 10 = -y. Let u be 1 + -49 - (3 - 3). Let t be u/(-14) - 3/y. Calculate k(t).
-12
Let j be 4 + (16 - 18 - -1*5). Suppose j*p - 3*p + 8 = 0. Let t(m) = -m**2 - m - 1. Calculate t(p).
-3
Let w(i) = 4*i + i**2 + 0*i**2 + 8 + 3*i + 0*i. Let k(a) = -a**2 - 16*a - 34. Let p be k(-14). Calculate w(p).
2
Let m(t) be the first derivative of t**3/3 + 7*t**2/2 + t - 22. Calculate m(-6).
-5
Let y(t) = -t**3 + 3*t**2 + 8*t**2 + 34 - 29 - 2*t**2 + 11*t. What is y(10)?
15
Let d(j) = -j**3 + 2*j**2 + j. Let k = 27 - 25. Suppose -5*u - 159 = -3*n + k*n, -u + 4*n = 28. Let q = -33 - u. Calculate d(q).
2
Let z(k) = -8*k**3 - 128*k**2 - 4. Let g be z(-16). Let s(a) = -5*a**3 - 2*a**2 - 3*a - 4. Let j(i) = -i**3 - i**2 - i. Let o(t) = -6*j(t) + s(t). What is o(g)?
-16
Suppose -4*q - 44 = -0*q. Let b(p) = p**2 - p - 4. Let j(x) = 6*x**2 - 4*x - 21. Let s(i) = q*b(i) + 2*j(i). What is s(-4)?
6
Let c be 2*(0 - 33/(-6)). Suppose 0 = 2*d + 17 - c. Let t(a) = a**2 + 2*a - 3. Let y be t(d). Let n(x) = -x**2 - x - 10. What is n(y)?
-10
Let z(u) = u**3 + u - 5. Suppose -4*l + 2*r - 12 = l, -l + 8 = -3*r. Let s be -3 - (2 - l/(-2)). Let b = s - -3. Give z(b).
-5
Let y(h) = h**2 - 2*h - 2. Let a(s) = s**2 - 2*s + 4. Let w = 14 - 12. Let x be a(w). Suppose -2*r = x*r + 12. Determine y(r).
6
Let n(r) = r**3 + r**2 + 13*r + 1. Let p(q) = q**3 + 12*q + 1. Let b(v) = 6*n(v) - 7*p(v). Calculate b(5).
-6
Let h(y) = -2*y**2 + 4*y + 6. Let n(a) = -a**3 - 7*a**2 - 10*a + 5. Let q be n(-5). Determine h(q).
-24
Let y(b) be the second derivative of b**7/1260 + b**6/80 + 5*b**4/12 - 7*b**2/2 - 15*b - 2. Let r(m) be the third derivative of y(m). Determine r(-6).
18
Let r(l) be the second derivative of -1/6*l**3 + l**2 + 16*l + 0. What is r(-5)?
7
Let x(f) = -2 + 1 - 1 - f**3 - 2*f + 3*f**2. Let u(d) = d**2 + d - 1. Let i(c) = -2*u(c) - x(c). Let w = 14 - 10. Determine i(w).
-12
Let v(r) = -r**2 + 9*r + 13. Let z be v(10). Let c(g) = -g - 3. What is c(z)?
-6
Let n be 22/2 - (-885)/(-59). Let p(r) = r + 1. Let l(i) = -i**3 - 4*i**2 + 3*i - 3. Let c(z) = -l(z) + 2*p(z). What is c(n)?
9
Let b(f) = 7*f - 5. Let a(c) = -2*c + 2. Let y(q) = -8*a(q) - 3*b(q). Let o be (4 + (-23)/4)*-4. Let s be (1 - o) + (29 - 20). Give y(s).
-16
Let z(q) = q**2 - 4*q - 22. Let k be z(8). Let b(g) = -5*g - k*g - 2 + 16*g. Calculate b(-2).
-4
Let x be (-1)/2*(0 + -2). Let j = 72 - 41. Let z(f) = 31 - j + f. Give z(x).
1
Let i(g) be the third derivative of 31*g**6/120 - g**4/24 - g**3/6 - 175*g**2. Give i(-1).
-31
Let p(f) be the first derivative of -16 - 1/3*f**3 - 5/2*f**2 + 4*f. Give p(-4).
8
Let m(f) = 2*f + f - 19 - 3*f - 2*f. Let b be m(-9). Let k(h) = -9*h**3 + 2*h**2 + h. What is k(b)?
10
Let c = 12 + -13. Let b be 0 - (2 + c)*-1. Let i(p) = 6*p + 1 + p**2 + b + 3. Determine i(-4).
-3
Let n be (-27)/7 - (-29)/(-203). Let u(y) be the first derivative of y**3/3 + 3*y**2/2 + 1. Determine u(n).
4
Let c = -2087 - -2086. Let b(i) = -15*i**2 + i - 2 + 2*i - 14*i**2. Let p(t) = 14*t**2 - t + 1. Let h(l) = 3*b(l) + 7*p(l). Determine h(c).
10
Let t(n) = -129 + 33 + 35 + 36 + 33 - 7*n. Calculate t(3).
-13
Let v(q) = q**3 - 6*q**2 + 7*q - 4. Suppose -3*x - 2*x = d - 16, x = -d. What is v(x)?
-8
Let s(a) = -2*a**2 + a + 3. Let d = -302 - -306. Give s(d).
-25
Let l(j) = -3*j**2 - 6*j + 3. Let x(f) = 10*f**2 + 18*f - 8. Let b(s) = 7*l(s) + 2*x(s). Suppose m + 21 = -2*m. Calculate b(m).
-2
Let l(j) be the second derivative of -j**3/6 - j**2/2 - j + 35. Determine l(4).
-5
Let c(t) = -3 - t**2 - 2 - 6 + 7 - 4 + 7*t. Calculate c(6).
-2
Let z = 3 + -3. Let k(f) = 11*f**3 + 11*f - 49. Let y(i) = 5*i**3 + 5*i - 24. Let 